14
What is the value of 860 + -861 + (-1 - 35)?
-37
Evaluate (-11 - -7) + (-7 - -3) - -7 - -34.
33
(9 - 20) + 14 - -6
9
Calculate (9 - 4) + (-34 - -41).
12
Evaluate 39 - 11 - 10 - 13.
5
What is the value of (4 - (-1 + 5 + 4)) + 18 + -5?
9
What is the value of 0 + -71 - (-97 + 64)?
-38
3 + 1 - (-1 + -6 - -16 - -2)
-7
What is the value of -165 - -177 - (6 - 0 - 1) - -1?
8
What is the value of (-18 + 30 - 9) + -13?
-10
(1 - -13 - (8 - (14 + 5))) + -10
15
3 - -19 - (109 + -91)
4
-33 - (-13 + (16 - 19))
-17
Calculate -1 + (44 - 8) + 0 + -9 + 5.
31
What is -2 + (-4 + 10 - (-4 + -2))?
10
What is the value of -7 - 2 - 2 - (1 + (-10 - -15))?
-17
Calculate -1 - (-24 + 7) - (35 + -24).
5
What is the value of 6 + (5 - 8 - (-5 - (-5 - 29)))?
-26
What is the value of -23 + 15 + (-1 - (-11 + 19))?
-17
What is the value of 26 + -2 + (-3 + 9 - (-1 - -8))?
23
What is (1 - ((7 - -41) + -13)) + -2?
-36
1 + (-6 - -18) + -13
0
What is the value of 14 - ((-11 - (2 - 22)) + (-4 - -2))?
7
Calculate (-7 - (5 + -2)) + -5 - -2.
-13
-1 + -6 + 0 + 5 - -2 - -14
14
Evaluate (6 - -50 - 16) + (-9 - 3).
28
What is the value of 9 + (18 - (4 - (-9 - -5)))?
19
What is the value of -19 + 0 + 422 + -382?
21
-143 + 150 + (1 - -1) + (-5 - 0)
4
Evaluate (-84 - -80) + (-22 - 2).
-28
Calculate -1 + 17 - 9 - (-1 - 3).
11
What is 3 - ((-15 - -16) + (-2 - -3) - 6)?
7
0 + -26 + -28 + 58
4
Calculate 4 - (21 + -32 + 12).
3
Evaluate 4 - (5 - (2 - -1) - -5 - 6).
3
Evaluate (-27 - -4) + (-12 - -9 - -11).
-15
What is 139 + -131 - (-7 - -2)?
13
18 + (17 + -33 - 15)
-13
What is the value of (-25 - (3 - (-11 + 23) - -5)) + 10?
-11
Calculate 2 + 19 - (11 + -3).
13
Calculate 9 + 1 - (10 + -22 + 12 + 0).
10
Evaluate -154 + 149 + (2 - -13) - (37 + -2).
-25
-251 - -275 - (-1 + 14)
11
What is -56 - -44 - (1 + -2 - -1 - 1)?
-11
Evaluate (7 - (13 + 1)) + -7.
-14
What is the value of -16 + (4 + 0 - 8) + -35 + 44?
-11
What is the value of (32 + -30 + -5 - (-17 - -1)) + 4?
17
What is the value of 7 + -8 + (-9 + 1 - -7)?
-2
Evaluate -4 - (10 + -7 - (16 + -2)).
7
6 + -16 + 2 + 3 + (3 - 1)
-3
-3 + (20 - (2 + 6)) + -16 + -9
-16
What is the value of 3 - 7 - (-42 + 41)?
-3
(12 - (32 + 4)) + 28
4
Calculate -1 + -6 + (10 - -9) - 3.
9
What is the value of 11 + (6 - 17) + -10 + -12?
-22
What is the value of (-4 - (-20 + -5 + 19 + -7)) + 2?
11
What is (-19 - (-3 + -17)) + -1 + 2?
2
Evaluate (-11 - 11) + -8 + 1 + 5 + 6.
-18
(0 - 23) + (60 - 29)
8
What is the value of -27 - (-15 - (14 - (8 - -12)))?
-18
What is the value of (-1 - 10) + (-12 - (-19 - -5))?
-9
Calculate 5 + 1 - (9 - (8 + 6 - 9)).
2
Evaluate 18 + (36 - (41 + -7)).
20
What is -1 + (-3 + -3 + 5 - -3)?
1
Evaluate 10 + (4 + -17 - (13 - 19)).
3
What is the value of 0 + 11 + -2 - (-20 - -22)?
7
Evaluate (-13 - -10) + -17 - -1.
-19
13 + (17 - 35) + (-2 - (0 - 12))
5
Evaluate 6 - (9 - -6) - (3 - 5) - -14.
7
(64 - 41 - 20) + 1 + 7
11
Calculate 28 + (45 - 16 - 33).
24
Calculate 10 - (23 + 24 + -17).
-20
Evaluate (37 - 22) + -11 + -25.
-21
Evaluate -24 - (-17 + -21) - 19.
-5
11 + 9 + -53 + 18
-15
Calculate (9 - 16) + (-12 - (-14 - -7)).
-12
Calculate 98 + -81 - (3 - 0).
14
Evaluate (-15 + -6 - 2) + 14 - -6.
-3
What is 17 - (1 + -16 + (16 - 14))?
30
What is the value of (-9 + 1 - 26) + (15 - (1 - -7))?
-27
What is 45 + 0 + (3 - 25)?
23
Calculate -25 - (15 + -24 + 2) - 8.
-26
What is -16 - (9 + -26) - (-4 + 7 + -15)?
13
Evaluate (1 + 1 - (85 - 71)) + -11.
-23
Calculate 0 + 6 + -2 + 7 + -5 + 4.
10
What is -33 - (-13 - (-2 + -5)) - -10 - -10?
-7
0 - (-4 - (-5 - 4)) - -9
4
Evaluate 5 + 0 + 4 + -5.
4
Calculate 0 + (0 - 3) + 21.
18
What is the value of (-19 - (-3 + -32 - 5)) + -6?
15
Evaluate 7 + -6 + 11 + -4 + 3.
11
What is the value of 34 - 46 - (-2 + 16 + -2)?
-24
Calculate 3 - (3 - (3 - 22)).
-19
What is the value of 10 + -2 + 4 + 3 + -144 + 138?
9
What is 19 + 0 + (9 + (-28 - -10) - -5)?
15
What is 0 - (-26 + 16) - 9?
1
-2 + 27 + 10 + -10
25
-30 - (-57 + 27 + -21)
21
Evaluate -9 + 3 + -4 + 15 - 0.
5
What is the value of -5 + 0 + -1 - (50 + -33 + -4)?
-19
17 + (-18 - 1) + 20
18
Calculate 7 - (12 + (-3 - 32)).
30
-1 + 1 + 0 + 15 + (41 - 45)
11
(146 - 147) + -3 + 0
-4
What is the value of 1 - 11 - (-362 + 365)?
-13
What is the value of (6 + (0 - 6) - 1) + -3 - -5?
1
What is the value of 6 + (-4 - 2 - -7 - 3) + -6?
-2
What is the value of 4 - (-2 + 0) - (9 + 14 + -30)?
13
Evaluate 55 + 17 + -66 + (-11 - 0).
-5
17 - (-3 + -7 + 13)
14
What is -2 + 6 + 73 + -77?
0
What is the value of -1 + -1 + -6 + 10 + 4 - -5?
11
What is -28 + 42 + -31 - -30?
13
Calculate -2 - 2 - (-90 - -86).
0
Evaluate -9 + (4 - -27) + 7.
29
What is the value of 21 - (-31 - (-96 + 17))?
-27
Calculate -11 - (-13 + 6 + -8).
4
Evaluate 15 + -7 + (3 - (-10 + 34)).
-13
What is the value of -21 - (44 - (31 + 1))?
-33
What is 17 + -10 + -5 + -14?
-12
Evaluate -33 + (29 + -33 - -27).
-10
-11 + 9 + (0 - 0) + 5
3
What is -13 + 4 - (-230 + 206)?
15
What is the value of -8 - -6 - -21 - 10 - -11?
20
-4 + -2 - -2 - -27 - (43 + -32)
12
What is the value of (-16 - -32 - 8) + 0?
8
What is the value of 0 + (-29 + 31 - (2 + -6 - -1))?
5
What is the value of -8 + (-5 + -2 - -11)?
-4
What is -2 - ((-15 - -1) + -5)?
17
0 - (4 + -9 + 5 - 18)
18
What is the value of -23 - (-4 - 18) - (1 + -1 + -5)?
4
Calculate 19 - (-5 - (9 - 17)).
16
What is -7 + 19 - 9 - 14?
-11
What is -18 + -40 + 39 - ((-7 - -2) + 0)?
-14
Calculate 3 - (-1 - 3 - -8 - -9).
-10
-9 - -67 - (23 - -20)
15
What is the value of 14 + (5 - (11 - -1)) + (-4 - 11)?
-8
What is 31 - (0 - -8 - (-39 - (-34 + -5)))?
23
Evaluate -1 + -7 + (62 - 21 - 38).
-5
What is the value of 0 - 2 - -21 - (24 + -19 + -6)?
20
Evaluate 14 - (24 + -9) - (9 - 1).
-9
Calculate -4 - (-3 + -4 + 0) - (25 - 15).
-7
(6 - -9) + -19 - -2
-2
-2 - -2 - 4 - (389 + -392)
-1
What is the value of 7 + 8 + -11 - (26 + -2)?
-20
What is 2 + 10 + 35 + -25 + -41?
-19
What is the value of -5 - ((-91 - -85) + 0 + (-1 - -15))?
-13
What is (-3 - -12) + -1 + 0 + -6?
2
Evaluate (22 - (10 + -10 + 10)) + -1.
11
What is the value of 3 + -8 + 9 + -9?
-5
What is the value of -1 + (20 - (13 + 20))?
-14
What is the value of -4 + -37 - (-12 + 0 - (-32 + 29))?
-32
What is ((2 - 7) + 4 + 4 - 7) + -3?
-7
Calculate 254 + -251 + 15 + -1 + (16 - 20).
13
5 + 8 + -2 + -7 + 9 + -2
11
Calculate 31 - 39 - (5 - (-4 - -9)).
-8
What is 0 + 11 + 0 - (-1635 + 1662)?
-16
7 - (7 - ((9 - -5) + 5))
19
Calculate -4 - (12 + 6 - 17).
-5
What is 7 + (24 - (-14 - -27))?
18
Calculate (2 - (-2 + -7 - -14)) + -7.
-10
What is the value of (5 - 14) + (-9 - -33) + -11?
4
Evaluate (-31 - (-9 - 9)) + 9.
-4
What is the value of -28 + (1 - 5 - (32 - 37)) + -7?
-34
12 - 45 - -27 - 16
-22
What is the value of -1 - 15 - (-6 + (6 - 2))?
-14
-8 + -5 - (-4 + 5 + -7 + 0)
-7
What is -2 + 2 - (-71 + 83)?
-12
Evaluate 7 + 22 + (17 - 0) + -31.
15
What is the value of (-15 - -4) + (-19 - (27 - 44))?
-13
Evaluate -6 + 1 - (-13 + 21).
-13
Calculate -16 + (-8 + -24 - -25).
-23
What is -33 + 43 - ((8 - 10) + (-5 - -31))?
-14
7 + 1 + -4 + 3 - -5
12
-115 + 122 - (-1 - (-10 - -1))
-1
What is -68 - -16 - -38 - (-18 + -3)?
7
What is the value of -516 + 507 + (1 - 15)?
-23
Evaluate -10 + 14 - 10 - -14.
8
0 - (-11 + (-4 - (-15 + 5)) + 2)
3
Evaluate (0 + -1 - 16) + (756 - 778).
-39
What is -81 + 58 + 7 + (-3 - -8)?
-11
Calculate (13 - 0) + (-77 + 31 - 1).
-34
What is -3 + -8 + 4 + -6 + -2 + 6?
-9
What is (-554 - -554) + -2 + 24?
22
What is the value of (-54 + -4 - -12 - -10) + 17?
-19
Calculate 3 + -3 - (4 - 3).
-1
Calculate 87 - 94 - (-1 - -1).
-7
-25 + -16 + 42 + -17
-16
Calculate 0 + -58 + 65 + 0 + 14.
21
What is the value of 18 - (48 - (35 + -14))?
-9
-2 - -4 - (24 - 0 - 10)
-12
Calculate (12 + (5 - 12) - 2) + 1 + -12.
-8
What is 7 + 8 + -25 + 11 - 7?
-6
Evaluate 636 + -608 - (0 + 20).
8
What is the value of 4 + -25 + (32 - 23)?
-12
8 + 4 - (-12 - -26)
-2
Calculate (-1 - 1) + 4 + 201 + -206.
-3
-14 - (-8 + (-3 + 0 - -5 - -2))
-10
What is -1 + 11 + (-8 - (-5 + (-3 - -5)))?
5
What is the value of 13 - 17 - ((-6 + -11 - -2) + -1)?
12
Calculate 29 + (-21 - -4) + 0.
12
(2 - 5 - 0) + 6 + 0 + -2
1
What is the value of -1 + 7 + (-4 - -10 - (-12 + 15))?
9
What is the value of (-2 + (-11 - -15) - 4) + 6 + -13?
-9
What is the value of (-11 - -38) + -19 - 14?
-6
4 + 4 + 2 + 2 + 2 + -2
12
Wh